{"id":415,"date":"2025-06-26T17:38:17","date_gmt":"2025-06-26T17:38:17","guid":{"rendered":"https:\/\/www.lidar.com.br\/?page_id=415"},"modified":"2025-06-27T19:35:23","modified_gmt":"2025-06-27T19:35:23","slug":"anos-2020","status":"publish","type":"page","link":"https:\/\/www.lidar.com.br\/?page_id=415","title":{"rendered":"Anos 2020"},"content":{"rendered":"\n<p><strong>2020 <\/strong>&#8211; A empresa Teledyne Optech apresentou as especifica\u00e7\u00f5es e aplica\u00e7\u00f5es t\u00e9cnicas do novo sistema de sensores Galaxy T2000 e G2 &#8211; duas plataformas inovadoras para mapeamento a\u00e9reo. Adequado para todos os tipos de terrenos, o T2000 oferecia uma taxa efetiva de 2 milh\u00f5es de medi\u00e7\u00f5es por segundo e o menor footprint no mercado de equipamentos LiDAR. Com o sistema de sensores G2, dois sensores podem sincronizar, com uma taxa verdadeira de 4 milh\u00f5es de medi\u00e7\u00f5es por segundo. (44)<\/p>\n\n\n\n<p><strong>2020 <\/strong>&#8211; A empresa Geocue apresentou os sistemas de imagem 3D True View que usam uma base de hardware e software comum para um conjunto de sensores. A True View 3DIS oferece uma inovadora configura\u00e7\u00e3o de c\u00e2mara de mapeamento obl\u00edquo LiDAR integrado em uma carga \u00fatil leve para uso em plataformas de drones comerciais. Ele permite uma gera\u00e7\u00e3o automatizada r\u00e1pida e f\u00e1cil de nuvens de ponto colorido 3D verdadeiras, imagens obl\u00edquas e ortofotos a partir de um \u00fanico voo de drone. (45)<\/p>\n\n\n\n<p><strong>2020 <\/strong>&#8211; A empresa RIEGL publicou um podcast em espanhol sobre fundamentos do LiDAR O Sr. Claudio Avello, gerente de desenvolvimento da RIEGL para parceiros da Am\u00e9rica do Sul, discutir\u00e1 LiDAR desde conceitos b\u00e1sicos at\u00e9 um n\u00edvel de especialista mais complexo neste epis\u00f3dio. Os ouvintes podem entender por que essa tecnologia \u00e9 importante no setor de engenharia e mapeamento. (46)<\/p>\n\n\n\n<p><strong>2020 &#8211;<\/strong> A empresa RIEGL publicou um podcast da Gerente do Segmento de Neg\u00f3cios de ULS e UAS da RIEGL USA, My-Linh Truong, para detalhar os elementos que o RIEGL VUX-120 cont\u00e9m. Este sensor LiDAR potente e leve, baseado em UAV, \u00e9 ideal para aplica\u00e7\u00f5es em corredores n\u00e3o tripulados, especialmente para integra\u00e7\u00f5es com UAVs de asa fixa. (47) <\/p>\n\n\n\n<p><strong>2021 <\/strong>&#8211; A Hexagon Leica apresentou o sistema Leica Citymapper-2 com a possibilidade de configura\u00e7\u00e3o com at\u00e9 tr\u00eas dist\u00e2ncias focais. A configura\u00e7\u00e3o de lente para voos de baixa altitude permite a cria\u00e7\u00e3o de g\u00eameos digitais de cidades em ambiente complexo e \u00e1reas de opera\u00e7\u00e3o congestionadas, aumentando a flexibilidade das coberturas. A configura\u00e7\u00e3o adicional possui uma dist\u00e2ncia focal de 71 mm em nadir, ideal para aquisi\u00e7\u00e3o de dados GSD de 5 cm em alturas de voo de 940 m AGL. (48)<\/p>\n\n\n\n<p><strong>2021 <\/strong>&#8211; A revista LiDAR Magazine publicou uma reportagem denominada \u201c3D Life in 3D GIS &amp; Digital Twins\u201d (Vida 3D em GIS 3D e G\u00eameos Digitais) com aspectos relevantes sobre o assunto. A autora, Sra Krysia Sapeta, tem mais de 30 anos de experi\u00eancia trabalhando na ind\u00fastria geoespacial. Sua forma\u00e7\u00e3o inclui uma base t\u00e9cnica forte, bem como 18 anos como \u00e9 diretora na Sanborn Map Company, Inc. (Sanborn). Sanborn \u00e9 a empresa de mapeamento mais antiga dos EUA, criada em 1866 e originalmente produz mapas de seguro de inc\u00eandio detalhados e informativos. (49)<\/p>\n\n\n\n<p><strong>2021 <\/strong>&#8211; O blog LiDAR News publicou um artigo sobre os princ\u00edpios do Photon LiDAR comparados com o LiDAR de forma de onda completa (Full Waveform). As diferen\u00e7as s\u00e3o explicadas na teoria e os dados s\u00e3o avaliados com base no conjunto de dados da cidade de Viena, capturado em 2018 com o SPL100 (Leica) e o VQ-1560i (RIEGL), respectivamente. (50)<\/p>\n\n\n\n<p><strong>2022<\/strong> &#8211; A Hexagon Leica apresentou o equipamento Leica Chiroptera-5, um LiDAR a\u00e9reo e batim\u00e9trico em um \u00fanico conjunto. A Leica Chiroptera-5 fornece densidade de ponto 40% maior, um aumento de 20% na penetra\u00e7\u00e3o da profundidade da \u00e1gua e duas vezes a sensibilidade topogr\u00e1fica para gerar mapas hidrogr\u00e1ficos precisos. O Chiroptera-5 fornece dados de terrenos batim\u00e9tricos e topogr\u00e1ficos de alta resolu\u00e7\u00e3o que suportam in\u00fameras aplica\u00e7\u00f5es, como gr\u00e1ficos n\u00e1uticos, planejamento de infraestrutura costeira, monitoramento ambiental e avalia\u00e7\u00f5es de risco de eros\u00e3o. (51)<\/p>\n\n\n\n<p><strong>2023 <\/strong>&#8211; A empresa RIEGL apresentou novas solu\u00e7\u00f5es de LiDAR para aquisi\u00e7\u00e3o de dados baseada em plataforma n\u00e3o tripulada. O novo Riegl Vux-18024 tem abertura de 75 graus e uma taxa de repeti\u00e7\u00e3o de at\u00e9 2,4 MHz. Esses recursos em combina\u00e7\u00e3o com uma velocidade aumentada de varredura de at\u00e9 800 linhas por segundo se faz adequado para miss\u00f5es r\u00e1pidas, onde \u00e9 necess\u00e1ria uma distribui\u00e7\u00e3o ideal de linha e ponto. (52)<\/p>\n\n\n\n<p><strong>2023 <\/strong>&#8211; Cerca de 20% do fundo do oceano foi mapeado em uma resolu\u00e7\u00e3o \u00fatil para estudos cient\u00edficos. Nos \u00faltimos 10 anos, o Monterey Bay Aquarium Research Institute trabalhou com 3D em profundidade para desenvolver ferramentas inovadoras para mapear o fundo do mar usando a tecnologia LiDAR. Agora, essa parceria visa criar a tecnologia LIDAR subaqu\u00e1tica da pr\u00f3xima gera\u00e7\u00e3o que pode gerar mapas detalhados de alta resolu\u00e7\u00e3o de recursos subaqu\u00e1ticos. (53)<\/p>\n\n\n\n<p><strong>2023 <\/strong>&#8211; O blog LiDAR News apresentou uma inova\u00e7\u00e3o no uso de LiDAR extra\u00e7\u00e3o de velocidade de objetos com base em uma nuvem de pontos. Muitos sistemas modernos de sensores de ve\u00edculos automatizados usam LiDAR, mas as nuvens de pontos s\u00e3o usadas principalmente para detec\u00e7\u00e3o de objetos. Nesta inova\u00e7\u00e3o, desenvolveu-se um m\u00e9todo, usando uma rede neural artificial para estimar a velocidade e a dire\u00e7\u00e3o do movimento de um objeto no campo de vis\u00e3o do sensor (FOV) com base no efeito de distor\u00e7\u00e3o de movimento sem fus\u00e3o de dados do sensor. (54)<\/p>\n\n\n\n<p><strong>2024 <\/strong>&#8211; A empresa RIEGL inicia a produ\u00e7\u00e3o em s\u00e9rie do novo subsistema de LiDAR UAV RILOC-E, um subsistema totalmente integrado para localiza\u00e7\u00e3o e orienta\u00e7\u00e3o, projetado para os miniVUX. As primeiras unidades, equipadas com este subsistema, foram despachadas da instala\u00e7\u00e3o de Riegl em Horn, \u00c1ustria. (55)<\/p>\n\n\n\n<p><strong>2024 <\/strong>&#8211; A tecnologia LiDAR passou por avan\u00e7os significativos nos \u00faltimos dez anos, revolucionando aplica\u00e7\u00f5es em v\u00e1rios campos, como levantamento, planejamento urbano e monitoramento ambiental. Este artigo aa revista GIM International analisa o surgimento de novas tecnologias LiDAR, aplica\u00e7\u00f5es para novas demandas, intelig\u00eancia artificial de pr\u00f3xima gera\u00e7\u00e3o (AI), a ampla gama de solu\u00e7\u00f5es LiDAR no mercado e o potencial futuro do LiDAR. (56)<\/p>\n\n\n\n<p><\/p>\n","protected":false},"excerpt":{"rendered":"<p>2020 &#8211; A empresa Teledyne Optech apresentou as especifica\u00e7\u00f5es e aplica\u00e7\u00f5es t\u00e9cnicas do novo sistema de sensores Galaxy T2000 e G2 &#8211; duas plataformas inovadoras para mapeamento a\u00e9reo. Adequado para todos os tipos de terrenos, o T2000 oferecia uma taxa efetiva de 2 milh\u00f5es de medi\u00e7\u00f5es por segundo e o menor footprint no mercado de &hellip; <\/p>\n<p class=\"link-more\"><a href=\"https:\/\/www.lidar.com.br\/?page_id=415\" class=\"more-link\">Continue lendo<span class=\"screen-reader-text\"> &#8220;Anos 2020&#8221;<\/span><\/a><\/p>\n","protected":false},"author":1,"featured_media":0,"parent":308,"menu_order":9,"comment_status":"closed","ping_status":"closed","template":"","meta":{"saved_in_kubio":false,"_themeisle_gutenberg_block_has_review":false,"footnotes":""},"class_list":["post-415","page","type-page","status-publish","hentry"],"kubio_ai_page_context":{"short_desc":"","purpose":"general"},"_links":{"self":[{"href":"https:\/\/www.lidar.com.br\/index.php?rest_route=\/wp\/v2\/pages\/415","targetHints":{"allow":["GET"]}}],"collection":[{"href":"https:\/\/www.lidar.com.br\/index.php?rest_route=\/wp\/v2\/pages"}],"about":[{"href":"https:\/\/www.lidar.com.br\/index.php?rest_route=\/wp\/v2\/types\/page"}],"author":[{"embeddable":true,"href":"https:\/\/www.lidar.com.br\/index.php?rest_route=\/wp\/v2\/users\/1"}],"replies":[{"embeddable":true,"href":"https:\/\/www.lidar.com.br\/index.php?rest_route=%2Fwp%2Fv2%2Fcomments&post=415"}],"version-history":[{"count":3,"href":"https:\/\/www.lidar.com.br\/index.php?rest_route=\/wp\/v2\/pages\/415\/revisions"}],"predecessor-version":[{"id":517,"href":"https:\/\/www.lidar.com.br\/index.php?rest_route=\/wp\/v2\/pages\/415\/revisions\/517"}],"up":[{"embeddable":true,"href":"https:\/\/www.lidar.com.br\/index.php?rest_route=\/wp\/v2\/pages\/308"}],"wp:attachment":[{"href":"https:\/\/www.lidar.com.br\/index.php?rest_route=%2Fwp%2Fv2%2Fmedia&parent=415"}],"curies":[{"name":"wp","href":"https:\/\/api.w.org\/{rel}","templated":true}]}}