{"id":340,"date":"2025-06-18T14:44:38","date_gmt":"2025-06-18T14:44:38","guid":{"rendered":"http:\/\/192.168.1.3:1080\/?page_id=340"},"modified":"2025-06-26T18:39:57","modified_gmt":"2025-06-26T18:39:57","slug":"anos-2015","status":"publish","type":"page","link":"https:\/\/www.lidar.com.br\/?page_id=340","title":{"rendered":"Anos 2015"},"content":{"rendered":"\n<p><strong>2015<\/strong>\u00a0\u2013 A empresa RIEGL destacou a apresenta\u00e7\u00e3o de seu equipamento VZ-400i \u2013 o sucessor do VZ-400 \u2013 na Intergeo 2015 \u2013 Stuttgart, Alemanha. O fabricante destacava a aquisi\u00e7\u00e3o de dados e georreferenciamento simult\u00e2neo com filtragem e an\u00e1lise em tempo real, conectividade em nuvem via Wi-Fi e 4G LTE, incorpora\u00e7\u00e3o de inercial MEMS para estimativa de posicionamento, bem como uma op\u00e7\u00e3o de c\u00e2mera digital. O equipamento VZ-400i trabalha com frequ\u00eancia operacional nominal de 1,2 MHz e qualidade posicional de 5 mm. (36)<\/p>\n\n\n\n<p><strong>2015<\/strong>\u00a0\u2013 A empresa RIEGL anunciou, na Intergeo 2015 \u2013 Stuttgart, Alemanha, o LiDAR aerotransportado topo-batim\u00e9trico modelo VQ-880-G, equipado com um canal infravermelho opcional para suplementar os dados adquiridos pelo LASER verde. (36)<\/p>\n\n\n\n<p><strong>2015<\/strong>\u00a0\u2013 A empresa RIEGL mostrou, na Intergeo 2015 \u2013 Stuttgart, Alemanha, a plataforma BathyCopter, derivada do Ricopter, como um sistema de levantamento batim\u00e9trico baseado em pequenos RPAs, apropriado para perfis de rios ou reservat\u00f3rios de \u00e1gua. O conjunto integra a plataforma RPA, um LiDAR topo-batim\u00e9trico, um sistema inercial e GNSS, c\u00e2mara digital e unidade de controle. (36)<\/p>\n\n\n\n<p><strong>2015<\/strong>\u00a0\u2013 A empresa Hexagon Leica Geosystems disponibilizou comercialmente a tecnologia de LiDAR pessoal com o sistema Pegasus: Backpack. O sistema combina cinco c\u00e2maras e um sensor LiDAR, montados em um chassi de fibra de carbono ultra leve e ergon\u00f4mico, apoiado ao corpo como uma mochila. Este sistema \u00e9 utilizado para vis\u00e3o 3D interna ou externa para cria\u00e7\u00e3o de documenta\u00e7\u00e3o profissional ou de engenharia, atendendo as prerrogativas de modelagem BIM (Building Information Modeling). O posicionamento preciso \u00e9 alcan\u00e7ado em \u00e1reas restritas ao GNSS usando a tecnologia SLAM (Simultaneous Localization and Mapping). (32)<\/p>\n\n\n\n<p><strong>2015<\/strong>\u00a0\u2013 A empresa Teledyne Optech Inc. apresentou detalhes do equipamento ALTM Gemini com a tecnologia PulseTrack cuja fun\u00e7\u00e3o seria evitar as lacunas de pontos na nuvem (zonas cegas) ao cobrir \u00e1reas com relevo com varia\u00e7\u00f5es abruptas, mantendo a altura de voo fixa e por conseguinte, a densidade e consist\u00eancia dos pontos LASER no terreno. <\/p>\n\n\n\n<p><strong>2015<\/strong>\u00a0\u2013 A Harris Co. revelou seu LiDAR Geiger-mode ao mercado. Este equipamento pode operar em uma aeronave voando a 500 km\/h a 8.000 m de altura. \u00c9 baseado na tecnologia que Richard Marino e outros desenvolveram no MIT Lincoln Laboratory. (14)<\/p>\n\n\n\n<p><strong>2015<\/strong>\u00a0\u2013 A Hexagon Leica Geosystems apresentou o LiDAR batim\u00e9trico Chiroptera II. Os melhoramentos em rela\u00e7\u00e3o ao seu antecessor s\u00e3o: LASER batim\u00e9trico de 35 kHz (532 nm), LASER topogr\u00e1fico de 500 kHz (1064 nm), utiliza\u00e7\u00e3o em plataforma estabilizadora e altera\u00e7\u00e3o do sistema GNSS e inercial. (21)<\/p>\n\n\n\n<p><strong>2015<\/strong>&nbsp;\u2013 A empresa Teledyne Technologies Inc. adquiriu a totalidade do controle acion\u00e1rio da canadense Optech Inc.<\/p>\n\n\n\n<p><strong>2016<\/strong>\u00a0\u2013 A empresa RIEGL lan\u00e7ou o sistema integrado VMQ-1HA e o VMX-1HA para Mapeamento M\u00f3vel, tendo como sensor o LiDAR cinem\u00e1tico VUX-1HA. Os sistemas diferem na quantidade de sensores LASER. (34)<\/p>\n\n\n\n<p><strong>2016<\/strong>\u00a0\u2013 A empresa Teledyne Optech Inc. apresentou o equipamento ALTM Galaxy com as tecnologias PulseTRAK e SwathTRAK desenvolvidas pela fabricante. A tecnologia PulseTRAK substitui os m\u00e9todos convencionais de multipulso para frequ\u00eancia de opera\u00e7\u00e3o alta em tamb\u00e9m alturas de voo grandes. A tecnologia SwathTRAK permite a altera\u00e7\u00e3o din\u00e2mica da largura da varredura no terreno durante a coleta de pontos LASER para manter estas larguras fixas com uma distribui\u00e7\u00e3o de pontos homog\u00eanea, mesmo em terrenos com grandes varia\u00e7\u00f5es de relevo. (24)<\/p>\n\n\n\n<p><strong>2016<\/strong>&nbsp;\u2013 A empresa Teledyne Optech Inc. lan\u00e7ou o Eclipse, um modelo autom\u00e1tico e integrado de LiDAR com c\u00e2mara a\u00e9rea que elimina a necessidade de operador. Com capacidade de coletar de 4 a 25 pts \/ m2, o Eclipse operava a 1.000 m de altura de voo, coletando pontos LASER com at\u00e9 7 retornos. A frequ\u00eancia de opera\u00e7\u00e3o nominal era de 450 kHz.<\/p>\n\n\n\n<p><strong>2016<\/strong>\u00a0\u2013 A empresa RIEGL apresentou um LiDAR Batim\u00e9trico em plataforma RPA denominado Bathycopter. Operava com um LASER verde Classe 2M com frequ\u00eancia de opera\u00e7\u00e3o de 4 kHz. O sistema operava em alturas de 10 a 30 m acima da superf\u00edcie da \u00e1gua e n\u00e3o fazia varreduras, apenas perfis lineares. Opcionalmente, o sistema acoplava uma c\u00e2mara digital Sony Alpha 6000. (21)<\/p>\n\n\n\n<p><strong>2016<\/strong>\u00a0\u2013 A empresa RIEGL lan\u00e7ou uma vers\u00e3o do LiDAR VUX-1UAV denominada mini-VUX-1UAV. Este equipamento opera com uma frequ\u00eancia de 100 kHz a uma altura nominal de voo de 100m. Tinha capacidade de grava\u00e7\u00e3o de at\u00e9 5 retornos de pulso e pesava cerca de 1,6 Kg. N\u00e3o tinha suporte a sistema inerciais. (21)<\/p>\n\n\n\n<p><strong>2016<\/strong>\u00a0\u2013 O sistema LiDAR de duplo canal VQ-1560i foi o sucessor do sistema de mapeamento a\u00e9reo LMS-Q1560 da empresa RIEGL. O equipamento opera com dois LiDAR lineares com uma frequ\u00eancia operacional de 2 MHz e at\u00e9 1,33 milh\u00f5es de medi\u00e7\u00f5es por segundo no terreno. O equipamento captura dados em densidades pontuais de 2 pts\/m\u00b2 at\u00e9 mais de 60 pts\/m\u00b2 em altura de voo operacional de 5.000m. O VQ-1560i usa a tecnologia MTA (Multiple-Time-Around) para processar at\u00e9 20 pulsos no ar simultaneamente. (38)<\/p>\n\n\n\n<p><strong>2017<\/strong>\u00a0\u2013 A empresa RIEGL apresentou na InterGeo 2017 \u2013 Berlim, Alemanha \u2013 O LiDAR terrestre de longo alcance denominado VZ-2000i 3D. Segundo o fabricante, o equipamento captura at\u00e9 1,2 milh\u00e3o de medi\u00e7\u00f5es por segundo em alvos distantes de at\u00e9 2.500 metros, com qualidade posicional de 5 mm. (35)<\/p>\n\n\n\n<p><strong>2017<\/strong>\u00a0\u2013 A empresa RIEGL lan\u00e7ou na InterGeo 2017 \u2013 Berlim, Alemanha \u2013 o equipamento LiDAR aerotransportado modelo VQ-780i. O equipamento opera com frequ\u00eancia de 666 kHz em um \u00e2ngulo de varredura de 60 graus. O sistema foi projetado para aquisi\u00e7\u00e3o de dados em baixa, m\u00e9dia e alta altitude, abrangendo v\u00e1rias aplica\u00e7\u00f5es de Perfilamento a LASER. (35)<\/p>\n\n\n\n<p><strong>2017<\/strong>\u00a0\u2013 A empresa RIEGL revelou na InterGeo 2017 \u2013 Berlim, Alemanha \u2013 o sistema LiDAR de mapeamento de duplo canal denominado VQ-1560i-DW. O novo modelo do equipamento VQ-1560i oferece uma melhor caracteriza\u00e7\u00e3o do alvo por meio de medi\u00e7\u00f5es simult\u00e2neas com dois comprimentos de onda (infravermelho e verde). (35)<\/p>\n\n\n\n<p><strong>2017<\/strong>\u00a0\u2013 A empresa RIEGL introduziu na InterGeo 2017 \u2013 Berlim, Alemanha \u2013 o sistema LiDAR de mapeamento topo-hidrogr\u00e1fico aerotransportado modelo VQ-880-GH. O sistema possui um fator de forma otimizado para altura de voo reduzida para opera\u00e7\u00e3o em helic\u00f3pteros, al\u00e9m de op\u00e7\u00f5es de uso de c\u00e2maras digitais incorporadas ao conjunto. (35)<\/p>\n\n\n\n<p><strong>2017<\/strong>\u00a0\u2013 A empresa RIEGL trouxe na InterGeo 2017 \u2013 Berlim, Alemanha \u2013 as novas vers\u00f5es do VUX-1UAV e o miniVUX-1UAV com o APX20, integrados com o sistema inercial APX20 e GNSS da Applanix. O kit de integra\u00e7\u00e3o miniVUX-1UAV foi lan\u00e7ado para plataformas RPA multirrotor como o DJI M600. (35)<\/p>\n\n\n\n<p><strong>2017<\/strong>\u00a0\u2013 O conglomerado Hexagon por meio de sua subsidi\u00e1ria Leica Geosystems, que adquiriu a empresa americana Sigma Space Co. em 2016, apresenta o SPL 100, um LiDAR single-photon baseado na tecnologia de John Degnan. (15)<\/p>\n\n\n\n<p><strong>2017<\/strong>\u00a0\u2013 A empresa Teledyne Optech Inc. apresentou o sistema port\u00e1til de mapeamento m\u00f3vel Maverick. O sistema Maverick coleta at\u00e9 700.000 pontos por segundo com sensor LASER Velodyne HDL 32 e captura imagens com resolu\u00e7\u00e3o de 5 Mpx com seis c\u00e2maras LadyBug 5. (23)<\/p>\n\n\n\n<p><strong>2018<\/strong>\u00a0\u2013 A empresa Teledyne Optech Inc. apresentou o equipamento ALTM Galaxy T1000. O equipamento opera com frequ\u00eancia de 1MHz LASER PRF e com as tecnologias PulseTRAK e SwathTRAK desenvolvidas pela fabricante. (23)<\/p>\n\n\n\n<p><strong>2018<\/strong>\u00a0\u2013 A empresa Hexagon Leica Geosystems apresentou o sistema integrado de LiDAR pulsado chamado de Terrain Mapper. O TerrainMapper pode coletar at\u00e9 a taxa de medi\u00e7\u00e3o de 2 MHz, operando com a tecnologia de m\u00faltiplos pulsos no ar (MPiA). A altura nominal de voo de vai de 300 a 5.000 m. Uma c\u00e2mara digital embutida capta dados RGB para coloriza\u00e7\u00e3o de nuvens de pontos com op\u00e7\u00f5es de 3 ou 4 bandas registradas. (30)<\/p>\n\n\n\n<p><strong>2019<\/strong>\u00a0\u2013 A empresa Hexagon Leica Geosystems apresenta o sistema Leica CityMapper-2. \u00c9 uma nova gera\u00e7\u00e3o de sensores h\u00edbridos de imagem obl\u00edqua e LiDAR. O sistema \u00f3ptico incorpora duas c\u00e2maras na posi\u00e7\u00e3o nadiral (RGB &amp; NIR) e quatro c\u00e2maras m\u00e9tricas de 150 Mpx nas posi\u00e7\u00f5es obl\u00edquas que utilizam a tecnologia CMOS e compensa\u00e7\u00e3o mec\u00e2nica de movimento da Leica Geosystem (FMC). A frequ\u00eancia de opera\u00e7\u00e3o do sensor LiDAR \u00e9 de 2 MHz e com a tecnologia de \u201cm\u00faltiplos pulsos no ar\u201d (MPiA). (41)<\/p>\n\n\n\n<p><strong>2019<\/strong>\u00a0\u2013 A empresa RIEGL trouxe na InterGeo 2019 \u2013 Stuttgart, Alemanha \u2013 o sensor miniVUX-2UAV LiDAR para o levantamentos baseados em UAV. O sensor fornece at\u00e9 200.000 medi\u00e7\u00f5es por segundo e, assim, um padr\u00e3o de pontos densos no solo para aplica\u00e7\u00f5es baseadas UAV que exijam a aquisi\u00e7\u00e3o de dados de \u00e1reas menores ou objetos isolados. A empresa tamb\u00e9m apresentou o equipamento RIEGL VMX-2HA BC (Configura\u00e7\u00e3o b\u00e1sica) como uma vers\u00e3o melhorada do sistema de LASER m\u00f3vel VMX-2HA, com redu\u00e7\u00e3o de peso e tamanho, mas com foco em desempenho. O conjunto pode ser complementado com um sistema de imagem esf\u00e9rica opcional, como a c\u00e2mera FLIR Ladybug\u00ae 5+. As c\u00e2maras existentes se beneficiam de um novo processador espec\u00edfico que oferece um campo de dist\u00e2ncia de amostragem menor para detectar at\u00e9 mesmo pequenas fissuras na superf\u00edcie do pavimento. (42)<\/p>\n\n\n\n<p><strong>2019<\/strong>\u00a0\u2013 A empresa Hexagon AB incorporou dois equipamentos \u00e0 s\u00e9rie Leica BLK. O equipamento Leica BLK2GO \u00e9 o scanner de m\u00e3o port\u00e1til completamente integrado em aplica\u00e7\u00f5es na ind\u00fastria, e o equipamento Leica BLK247 \u00e9 o primeiro sensor LASER de varredura 3D para vigil\u00e2ncia de seguran\u00e7a de maneira cont\u00ednua. (43)<\/p>\n\n\n\n<p><\/p>\n","protected":false},"excerpt":{"rendered":"<p>2015\u00a0\u2013 A empresa RIEGL destacou a apresenta\u00e7\u00e3o de seu equipamento VZ-400i \u2013 o sucessor do VZ-400 \u2013 na Intergeo 2015 \u2013 Stuttgart, Alemanha. O fabricante destacava a aquisi\u00e7\u00e3o de dados e georreferenciamento simult\u00e2neo com filtragem e an\u00e1lise em tempo real, conectividade em nuvem via Wi-Fi e 4G LTE, incorpora\u00e7\u00e3o de inercial MEMS para estimativa de &hellip; <\/p>\n<p class=\"link-more\"><a href=\"https:\/\/www.lidar.com.br\/?page_id=340\" class=\"more-link\">Continue lendo<span class=\"screen-reader-text\"> &#8220;Anos 2015&#8221;<\/span><\/a><\/p>\n","protected":false},"author":1,"featured_media":0,"parent":308,"menu_order":8,"comment_status":"closed","ping_status":"closed","template":"","meta":{"saved_in_kubio":false,"_themeisle_gutenberg_block_has_review":false,"footnotes":""},"class_list":["post-340","page","type-page","status-publish","hentry"],"kubio_ai_page_context":{"short_desc":"","purpose":"general"},"_links":{"self":[{"href":"https:\/\/www.lidar.com.br\/index.php?rest_route=\/wp\/v2\/pages\/340","targetHints":{"allow":["GET"]}}],"collection":[{"href":"https:\/\/www.lidar.com.br\/index.php?rest_route=\/wp\/v2\/pages"}],"about":[{"href":"https:\/\/www.lidar.com.br\/index.php?rest_route=\/wp\/v2\/types\/page"}],"author":[{"embeddable":true,"href":"https:\/\/www.lidar.com.br\/index.php?rest_route=\/wp\/v2\/users\/1"}],"replies":[{"embeddable":true,"href":"https:\/\/www.lidar.com.br\/index.php?rest_route=%2Fwp%2Fv2%2Fcomments&post=340"}],"version-history":[{"count":4,"href":"https:\/\/www.lidar.com.br\/index.php?rest_route=\/wp\/v2\/pages\/340\/revisions"}],"predecessor-version":[{"id":438,"href":"https:\/\/www.lidar.com.br\/index.php?rest_route=\/wp\/v2\/pages\/340\/revisions\/438"}],"up":[{"embeddable":true,"href":"https:\/\/www.lidar.com.br\/index.php?rest_route=\/wp\/v2\/pages\/308"}],"wp:attachment":[{"href":"https:\/\/www.lidar.com.br\/index.php?rest_route=%2Fwp%2Fv2%2Fmedia&parent=340"}],"curies":[{"name":"wp","href":"https:\/\/api.w.org\/{rel}","templated":true}]}}