{"id":204,"date":"2025-06-17T18:17:15","date_gmt":"2025-06-17T18:17:15","guid":{"rendered":"http:\/\/192.168.1.3:1080\/?page_id=204"},"modified":"2025-06-27T14:11:29","modified_gmt":"2025-06-27T14:11:29","slug":"densidade-da-nuvem-de-pontos-lidar","status":"publish","type":"page","link":"https:\/\/www.lidar.com.br\/?page_id=204","title":{"rendered":"Densidade da Nuvem de Pontos LiDAR"},"content":{"rendered":"\n<p>Semelhante \u00e0 resolu\u00e7\u00e3o de uma imagem a\u00e9rea, a densidade de pontos do LiDAR define o n\u00famero de pontos LASER em uma determinada \u00e1rea que retornaram ao sistema.<\/p>\n\n\n\n<p>Comumente a densidade do ponto \u00e9 apresentada por metro quadrado e, portanto, usa a unidade pts\/m\u00b2. O espa\u00e7amento de pontos, por outro lado, \u00e9 definido como a dist\u00e2ncia entre dois pontos adjacentes.<\/p>\n\n\n\n<p>Existem caracter\u00edsticas construtivas de um equipamento e diversos par\u00e2metros f\u00edsicos no planejamento e execu\u00e7\u00e3o de um levantamento LiDAR que influenciam o espa\u00e7amento e densidade de pontos LASER, sejam nominal ou real.<\/p>\n\n\n\n<p>Por exemplo, a abertura do feixe de pulsos LASER influencia a distribui\u00e7\u00e3o de pontos no sentido transversal do voo. De maneira semelhante, a velocidade da aeronave vai influenciar o espa\u00e7amento das linhas de varredura na dire\u00e7\u00e3o do voo. A forma da varredura, condicionada pelo tipo de espelho do sistema LASER, \u00e9 outro fator que influencia esta distribui\u00e7\u00e3o de pontos no terreno. A altura de voo influencia na distribui\u00e7\u00e3o e tamb\u00e9m na quantidade de retornos captados pelo sistema, resultando em um duplo efeito sobre a densidade e distribui\u00e7\u00e3o dos pontos LASER.<\/p>\n\n\n\n<p>A densidade de pontos LASER em uma determinada regi\u00e3o pode ser incrementada com a superposi\u00e7\u00e3o de voos em sentidos contr\u00e1rio ou transversos. Al\u00e9m disso, um voo com uma sobreposi\u00e7\u00e3o superior a 50%, bem como v\u00e1rios canais ou v\u00e1rios sensores em uma \u00fanica plataforma de coleta tamb\u00e9m s\u00e3o maneiras de aumentar a densidade de pontos LASER.<\/p>\n\n\n<div class=\"wp-block-image\">\n<figure class=\"aligncenter size-large is-resized\" id=\"attachment_212\"><img loading=\"lazy\" decoding=\"async\" width=\"1024\" height=\"847\" src=\"https:\/\/www.lidar.com.br\/wp-content\/uploads\/2025\/06\/VarreduraSistemasLaser-1024x847.jpg\" alt=\"\" class=\"wp-image-459\" style=\"width:473px;height:auto\" srcset=\"https:\/\/www.lidar.com.br\/wp-content\/uploads\/2025\/06\/VarreduraSistemasLaser-1024x847.jpg 1024w, https:\/\/www.lidar.com.br\/wp-content\/uploads\/2025\/06\/VarreduraSistemasLaser-300x248.jpg 300w, https:\/\/www.lidar.com.br\/wp-content\/uploads\/2025\/06\/VarreduraSistemasLaser-768x635.jpg 768w, https:\/\/www.lidar.com.br\/wp-content\/uploads\/2025\/06\/VarreduraSistemasLaser.jpg 1235w\" sizes=\"(max-width: 767px) 89vw, (max-width: 1000px) 54vw, (max-width: 1071px) 543px, 580px\" \/><figcaption class=\"wp-element-caption\">Padr\u00e3o de Varredura de Sistemas LASER<\/figcaption><\/figure><\/div>\n\n\n<p>A especifica\u00e7\u00e3o de uma densidade de ponto nominal de um determinado levantamento \u00e9 diretamente proporcional ao custo global deste servi\u00e7o. Embora possa haver v\u00e1rias considera\u00e7\u00f5es para escolher uma determinada densidade de ponto, o n\u00edvel de detalhe que precisa ser vis\u00edvel no conjunto de dados LiDAR ser\u00e1 o limitador da densidade m\u00ednima de pontos.<\/p>\n\n\n\n<p>N\u00e3o h\u00e1 uma regra definida sobre densidade pontos ideal para uma ou outra aplica\u00e7\u00e3o. De modo geral, \u00e9 poss\u00edvel recomendar densidades de acordo com um prop\u00f3sito de uso dos dados LiDAR. Por exemplo:<\/p>\n\n\n\n<p>At\u00e9 1 pt\/m\u00b2 \u2013 As nuvens de pontos LiDAR com tais densidades s\u00e3o apropriadas para modelos digitais de eleva\u00e7\u00e3o (MDE) em escalas 1:5000 ou inferior. Esta nuvem de pontos classificada pode derivar modelo digital de terreno (MDT) ou modelos de altura de vegeta\u00e7\u00e3o no caso de aplica\u00e7\u00f5es florestais.<\/p>\n\n\n\n<p>De 1 a 5 pts\/m\u00b2 \u2013 Levando em considera\u00e7\u00e3o a rela\u00e7\u00e3o densidade de pontos por custo de aquisi\u00e7\u00e3o, os conjuntos de dados com estas densidades s\u00e3o adequados para satisfazer a maioria dos usos. As densidades inferiores podem ser suficientes para aplica\u00e7\u00f5es de modelagem de inunda\u00e7\u00e3o, onde rios e c\u00f3rregos podem ser detectados abaixo da vegeta\u00e7\u00e3o. Em ambiente urbano, as densidades superiores s\u00e3o suficientes para a modelagem de edifica\u00e7\u00f5es urbanas com a inten\u00e7\u00e3o de identificar modifica\u00e7\u00f5es no espa\u00e7o urbano ap\u00f3s p\u00f3s-processamento e an\u00e1lise em conjunto com outras fontes de informa\u00e7\u00e3o. Em corredores, Tal densidade permite a identifica\u00e7\u00e3o de torres e cabos em linhas de transmiss\u00e3o.<\/p>\n\n\n\n<p>De 5 a 10 pts\/m\u00b2 \u2013 A modelagem 3D de cidades \u00e9 um dos exemplos onde uma densidade elevada do ponto \u00e9 necess\u00e1ria para particularizar os detalhes de edifica\u00e7\u00f5es. Na \u00e1rea florestal, tal densidade \u00e9 utilizada em aplica\u00e7\u00f5es especiais para contagem de esp\u00e9cimes, distin\u00e7\u00e3o de idade, e outras.<\/p>\n\n\n\n<p>Maior que 10 pts\/m\u00b2 \u2013 As aplica\u00e7\u00f5es de nuvem de pontos LiDAR com densidade muito alta s\u00e3o normalmente restritas a situa\u00e7\u00f5es especiais e em \u00e1reas reduzidas devido ao custo significativo na&nbsp; coleta, processamento e manipula\u00e7\u00e3o dos dados. Normalmente, tais densidades s\u00e3o obtidas com equipamento Full Waveform ou nos atuais sistemas Photon LiDAR e Geiger-mode.<\/p>\n\n\n\n<p>O di\u00e2metro do pulso LASER projetado no terreno em fun\u00e7\u00e3o da diverg\u00eancia da luz tem que ser considerado tamb\u00e9m no que diz respeito ao afastamento entre pontos da nuvem LiDAR.<\/p>\n\n\n\n<p>Para obter uma cobertura completa da \u00e1rea, o espa\u00e7amento entre pontos deve ser igual ao di\u00e2metro da diverg\u00eancia. Em um cen\u00e1rio perfeito, os pulsos projetados estariam alinhados, formando uma cobertura total e sem superposi\u00e7\u00e3o da \u00e1rea de interesse.<\/p>\n\n\n\n<p>Em densidades muito altas e condicionadas a uma determinada altura de voo, o pulso LASER poder\u00e1 superpor o seu adjacente devido ao efeito de diverg\u00eancia do pulso, fazendo que a vantagem do detalhamento pela alta densidade seja inexistente.<\/p>\n\n\n\n<p>As tecnologias de LiDAR de pr\u00f3xima gera\u00e7\u00e3o, incluindo o Photon LiDAR e Geiger-mode, operam de maneira distinta ao LASER pulsado e assim, usam menos energia para obter maior quantidade de retornos mesmo a alturas de voo elevadas.<\/p>\n\n\n<div class=\"wp-block-image\">\n<figure class=\"aligncenter size-full\" id=\"attachment_214\"><img loading=\"lazy\" decoding=\"async\" width=\"567\" height=\"312\" src=\"https:\/\/www.lidar.com.br\/wp-content\/uploads\/2025\/06\/NuvemPontosPhotonLiDAR.jpg\" alt=\"\" class=\"wp-image-461\" srcset=\"https:\/\/www.lidar.com.br\/wp-content\/uploads\/2025\/06\/NuvemPontosPhotonLiDAR.jpg 567w, https:\/\/www.lidar.com.br\/wp-content\/uploads\/2025\/06\/NuvemPontosPhotonLiDAR-300x165.jpg 300w\" sizes=\"(max-width: 567px) 100vw, 567px\" \/><figcaption class=\"wp-element-caption\">Exemplo de nuvem de Pontos de um Photon LiDAR co densidade de 30 pts\/m2 (\u00e1rea de 260m x 145m) \u2013 propriedade de Sigma Space Co.<\/figcaption><\/figure><\/div>\n\n\n<p>Como consequ\u00eancia, um Photon LiDAR pode adquirir nuvens de pontos de alta densidade com 12 a 30 pts\/m\u00b2. Por exemplo, um equipamento Photon LiDAR em uma aeronave com velocidade de 200 knots a uma altura de voo de 4.000 m obt\u00e9m uma densidade de ponto de aproximadamente 20 pts\/m\u00b2.<\/p>\n\n\n\n<p>No est\u00e1gio atual de desenvolvimento, o Photon LiDAR \u00e9 uma tecnologia restrita a grandes \u00e1reas com pouca incid\u00eancia de nuvens uma vez que demanda voos altos. Os equipamentos de Photon LiDAR usam o comprimento de onda verde (532 \u03b7m) que s\u00e3o influenciados ou sens\u00edveis \u00e0 energia solar, produzindo pontos indesej\u00e1veis na nuvem.<\/p>\n\n\n\n<p>O pr\u00e9-processamento de dados destes equipamentos Photon LiDAR ou Geiger-mode \u00e9 condicionado aos fornecedores do sistema que usam tecnologia propriet\u00e1ria para analisar os ru\u00eddos e classificar o conjunto de dados. A nuvem de pontos demanda um arquivo grande e de utiliza\u00e7\u00e3o mais complexa em computadores de menor porte.<\/p>\n\n\n\n<p>Refer\u00eancia: Density and Spacing of LiDAR \u2013 Martin Isenburg \u2013 LASTools \u2013 Em&nbsp;<a href=\"https:\/\/rapidlasso.com\/2014\/03\/20\/density-and-spacing-of-lidar\/\" target=\"_blank\" rel=\"noreferrer noopener\">https:\/\/rapidlasso.com\/2014\/03\/20\/density-and-spacing-of-lidar\/<\/a><\/p>\n","protected":false},"excerpt":{"rendered":"<p>Semelhante \u00e0 resolu\u00e7\u00e3o de uma imagem a\u00e9rea, a densidade de pontos do LiDAR define o n\u00famero de pontos LASER em uma determinada \u00e1rea que retornaram ao sistema. Comumente a densidade do ponto \u00e9 apresentada por metro quadrado e, portanto, usa a unidade pts\/m\u00b2. O espa\u00e7amento de pontos, por outro lado, \u00e9 definido como a dist\u00e2ncia &hellip; <\/p>\n<p class=\"link-more\"><a href=\"https:\/\/www.lidar.com.br\/?page_id=204\" class=\"more-link\">Continue lendo<span class=\"screen-reader-text\"> &#8220;Densidade da Nuvem de Pontos LiDAR&#8221;<\/span><\/a><\/p>\n","protected":false},"author":1,"featured_media":0,"parent":181,"menu_order":3,"comment_status":"closed","ping_status":"closed","template":"","meta":{"saved_in_kubio":false,"_themeisle_gutenberg_block_has_review":false,"footnotes":""},"class_list":["post-204","page","type-page","status-publish","hentry"],"kubio_ai_page_context":{"short_desc":"","purpose":"general"},"_links":{"self":[{"href":"https:\/\/www.lidar.com.br\/index.php?rest_route=\/wp\/v2\/pages\/204","targetHints":{"allow":["GET"]}}],"collection":[{"href":"https:\/\/www.lidar.com.br\/index.php?rest_route=\/wp\/v2\/pages"}],"about":[{"href":"https:\/\/www.lidar.com.br\/index.php?rest_route=\/wp\/v2\/types\/page"}],"author":[{"embeddable":true,"href":"https:\/\/www.lidar.com.br\/index.php?rest_route=\/wp\/v2\/users\/1"}],"replies":[{"embeddable":true,"href":"https:\/\/www.lidar.com.br\/index.php?rest_route=%2Fwp%2Fv2%2Fcomments&post=204"}],"version-history":[{"count":3,"href":"https:\/\/www.lidar.com.br\/index.php?rest_route=\/wp\/v2\/pages\/204\/revisions"}],"predecessor-version":[{"id":462,"href":"https:\/\/www.lidar.com.br\/index.php?rest_route=\/wp\/v2\/pages\/204\/revisions\/462"}],"up":[{"embeddable":true,"href":"https:\/\/www.lidar.com.br\/index.php?rest_route=\/wp\/v2\/pages\/181"}],"wp:attachment":[{"href":"https:\/\/www.lidar.com.br\/index.php?rest_route=%2Fwp%2Fv2%2Fmedia&parent=204"}],"curies":[{"name":"wp","href":"https:\/\/api.w.org\/{rel}","templated":true}]}}