{"id":183,"date":"2025-06-17T17:56:05","date_gmt":"2025-06-17T17:56:05","guid":{"rendered":"http:\/\/192.168.1.3:1080\/?page_id=183"},"modified":"2025-06-27T14:29:04","modified_gmt":"2025-06-27T14:29:04","slug":"evolucao-do-lidar-aereo","status":"publish","type":"page","link":"https:\/\/www.lidar.com.br\/?page_id=183","title":{"rendered":"Evolu\u00e7\u00e3o do LiDAR A\u00e9reo"},"content":{"rendered":"\n<p>A correla\u00e7\u00e3o autom\u00e1tica de imagens a\u00e9reas e o LiDAR A\u00e9reo s\u00e3o as principais tecnologias para capturar densas nuvens de pontos de uma superf\u00edcie de terreno. O LiDAR A\u00e9reo permanece como uma tecnologia de aquisi\u00e7\u00e3o de dados espaciais predominante e continua a mostrar avan\u00e7os tecnol\u00f3gicos significativos al\u00e9m de novas aplica\u00e7\u00f5es no mercado de modelagem 3D.<\/p>\n\n\n\n<p>Os atuais sistemas de LiDAR A\u00e9reo pulsado capturam 1 milh\u00e3o pontos por segundo. Aumentar a taxa de repeti\u00e7\u00e3o de pulso \u00e9 a melhor maneira de obter nuvens de pontos mais densas a custos mais baixos. Entretanto, a frequ\u00eancia do pulso \u00e9 restringida por par\u00e2metros tais como o consumo de energia e a seguran\u00e7a para a vis\u00e3o humana.<\/p>\n\n\n<div class=\"wp-block-image\">\n<figure class=\"aligncenter size-full\" id=\"attachment_216\"><img loading=\"lazy\" decoding=\"async\" width=\"567\" height=\"279\" src=\"https:\/\/www.lidar.com.br\/wp-content\/uploads\/2025\/06\/FrequenciaOperacao.jpg\" alt=\"\" class=\"wp-image-463\" srcset=\"https:\/\/www.lidar.com.br\/wp-content\/uploads\/2025\/06\/FrequenciaOperacao.jpg 567w, https:\/\/www.lidar.com.br\/wp-content\/uploads\/2025\/06\/FrequenciaOperacao-300x148.jpg 300w\" sizes=\"(max-width: 567px) 100vw, 567px\" \/><figcaption class=\"wp-element-caption\">Frequ\u00eancia de Opera\u00e7\u00e3o X Altura de Voo X Reflect\u00e2ncia \u2013 Adaptado de HxGN Live \u2013 900- Higher, Wider, Faster \u2013 Ron Roth &#8211; 2014<\/figcaption><\/figure><\/div>\n\n\n<p>As tend\u00eancias mais atuais v\u00eam incorporando um aumento constante da frequ\u00eancia de opera\u00e7\u00e3o, processamento da forma de onda completa (full waveform), desenvolvimento de sistemas de esc\u00e2ner a LASER multi-espectrais e topo-batimetria, a introdu\u00e7\u00e3o sensores a\u00e9reos do tipo Photon LiDAR e os sistemas ativos (LASER) e passivos (imagem) integrados.<\/p>\n\n\n\n<p><\/p>\n","protected":false},"excerpt":{"rendered":"<p>A correla\u00e7\u00e3o autom\u00e1tica de imagens a\u00e9reas e o LiDAR A\u00e9reo s\u00e3o as principais tecnologias para capturar densas nuvens de pontos de uma superf\u00edcie de terreno. O LiDAR A\u00e9reo permanece como uma tecnologia de aquisi\u00e7\u00e3o de dados espaciais predominante e continua a mostrar avan\u00e7os tecnol\u00f3gicos significativos al\u00e9m de novas aplica\u00e7\u00f5es no mercado de modelagem 3D. Os &hellip; <\/p>\n<p class=\"link-more\"><a href=\"https:\/\/www.lidar.com.br\/?page_id=183\" class=\"more-link\">Continue lendo<span class=\"screen-reader-text\"> &#8220;Evolu\u00e7\u00e3o do LiDAR A\u00e9reo&#8221;<\/span><\/a><\/p>\n","protected":false},"author":1,"featured_media":0,"parent":156,"menu_order":4,"comment_status":"closed","ping_status":"closed","template":"","meta":{"saved_in_kubio":false,"_themeisle_gutenberg_block_has_review":false,"footnotes":""},"class_list":["post-183","page","type-page","status-publish","hentry"],"kubio_ai_page_context":{"short_desc":"","purpose":"general"},"_links":{"self":[{"href":"https:\/\/www.lidar.com.br\/index.php?rest_route=\/wp\/v2\/pages\/183","targetHints":{"allow":["GET"]}}],"collection":[{"href":"https:\/\/www.lidar.com.br\/index.php?rest_route=\/wp\/v2\/pages"}],"about":[{"href":"https:\/\/www.lidar.com.br\/index.php?rest_route=\/wp\/v2\/types\/page"}],"author":[{"embeddable":true,"href":"https:\/\/www.lidar.com.br\/index.php?rest_route=\/wp\/v2\/users\/1"}],"replies":[{"embeddable":true,"href":"https:\/\/www.lidar.com.br\/index.php?rest_route=%2Fwp%2Fv2%2Fcomments&post=183"}],"version-history":[{"count":3,"href":"https:\/\/www.lidar.com.br\/index.php?rest_route=\/wp\/v2\/pages\/183\/revisions"}],"predecessor-version":[{"id":465,"href":"https:\/\/www.lidar.com.br\/index.php?rest_route=\/wp\/v2\/pages\/183\/revisions\/465"}],"up":[{"embeddable":true,"href":"https:\/\/www.lidar.com.br\/index.php?rest_route=\/wp\/v2\/pages\/156"}],"wp:attachment":[{"href":"https:\/\/www.lidar.com.br\/index.php?rest_route=%2Fwp%2Fv2%2Fmedia&parent=183"}],"curies":[{"name":"wp","href":"https:\/\/api.w.org\/{rel}","templated":true}]}}